{"id":770,"date":"2022-01-18T20:32:13","date_gmt":"2022-01-18T20:32:13","guid":{"rendered":"https:\/\/purplearrow.ch\/?page_id=770"},"modified":"2024-05-27T19:34:15","modified_gmt":"2024-05-27T19:34:15","slug":"cea","status":"publish","type":"page","link":"https:\/\/purplearrow.ch\/?page_id=770","title":{"rendered":"CEA"},"content":{"rendered":"\n<p style=\"font-size:15px\"><strong>Was ist CEA -Collie Eye Anomalie ?<br><\/strong>CEA bedeutet Collie Eye Anomalie. Sie ist eine Augenerkrankung, die vor allem bei Collies und verwandten Hunderassen wie dem Australian Shepherd auftritt. Die Augenkrankheit betrifft den Augenhintergrund und f\u00fchrt zu einer Beeintr\u00e4chtigung der Seekraft oder sogar zur Erblindung.<br><br><strong>Erkrankung<br><\/strong>Bei der CEA handelt es sich um eine Erbkrankheit, bei der es zu Ver\u00e4nderungen an der Netzhaut des Auges kommt. CEA kann in verschiedenen Schweregraden ausgepr\u00e4gt sein. In manchen F\u00e4llen sind die Ver\u00e4nderungen der Netzhaut nur gering, die Krankheit verl\u00e4uft unbemerkt. Es kann auch zur Ausbildung sogenannter Kolobome kommen, hierbei handelt es sich um Ausbuchtungen der Netzhaut im Bereich des Sehnervenkopfes. Nur wenn das Kolobom gro\u00dfe Teile der Netzhaut einnimmt, kann die Sehkraft beeintr\u00e4chtigt werden. Bei der schlimmsten Form der CEA kommt es durch Blutgef\u00e4\u00df-Ver\u00e4nderung zu Blutungen an der Netzhaut. Dies kann eine Netzhautabl\u00f6sung zur Folge haben, was zur Erblindung des Hundes f\u00fchrt.<br><br>Der Schweregrad der Erkrankung ver\u00e4ndert sich bei der CEA im Laufe des Lebens nicht, ein betroffener Hund erblindet also nicht erst im Alter. Die mildeste Form der CEA, die sogenannte CRH (chorioretinale Hypoplasie) ist beim Welpen nur bis zu einem Alter von ca. 9 Wochen erkennbar, danach wird sie durch Pigment-Einlagerung \u00fcberdeckt. Hunde, deren CEA-Erkrankung im Alter nicht mehr festgestellt werden kann, nennt man &#8222;Go-Normals&#8220;.<br><br>Die f\u00fcr die CEA verantwortliche Mutation wurde von der Arbeitsgruppe von Elaine A. Ostrander an der University von Pennsylvania, USA ver\u00f6ffentlicht. Sequenzstudien zeigten, dass bei allen betroffenen Hunden ein 7,8 kb grosser Bereich in den NHEJ1 Genen deletiert ist. Hierbei handelt es sich um einen hochkonservierten Bereich, an den verschiedene f\u00fcr eine korrekte Entwicklung wichtige Regulatorproteine binden k\u00f6nnen.<br><br><strong>Autosomal rezessiver Erbgang<br><\/strong>F\u00fcr jedes Merkmal liegen im Genom zwei Kopien vor. Je eine Kopie erh\u00e4lt das Tier von seinem Vater und eine von seiner Mutter. Wird ein Merkmal autosomal-rezessiv vererbt bedeutet dies, dass ein Tier nur erkrankt, wenn es je ein betroffenes Gen von Vater und Mutter erhalten hat. Es m\u00fcssen also sowohl Vater- als auch Muttertier das mutierte Gen tragen, selbst aber nicht unbedingt erkrankt sein.<br><br><strong>Es existieren drei Genotypen:<br><\/strong>1. Genotyp<strong> N\/N <\/strong>(n\/n, +\/+, frei) <strong>homozygot gesund<\/strong>: Dieses Tier tr\u00e4gt die Mutation nicht und hat <strong><em>kein Risiko<\/em><\/strong> an der Krankheit zu erkranken. Es kann die Mutation nicht an seine Nachkommen weitergeben.<br><br>2. Genotyp<strong> N\/CEA<\/strong> (n\/mut, +\/-, tr\u00e4ger) <strong>heterozygoter Tr\u00e4ger<\/strong>: Dieses Tier tr\u00e4gt eine Kopie des mutierten Gens. Es hat <strong><em>kein Risiko<\/em><\/strong> an der Krankheit zu erkranken, gibt die Mutation aber mit einer Wahrscheinlichkeit von 50% an seine Nachkommen weiter. Ein solches Tier sollte nur mit einem mutations-freien Tier verpaart werden.<br><br>3. Genotyp <strong>CEA\/CEA<\/strong> (mut\/mut, -\/-, betroffen)<strong> homozygot betroffen<\/strong>: Dieses Tier tr\u00e4gt zwei Kopien des mutierten Gens und hat ein <strong><em>extrem hohes Risiko<\/em><\/strong> an der Erbkrankheit zu erkranken. Es gibt die Mutation zu 100% an seine Nachkommen weiter. Betroffne Australian Shepherds werden zur Zucht gesperrt.<br>Tr\u00e4ger geben die Erbanlage mit einer Wahrscheinlichkeit von 50% an ihre Nachkommen weiter. Bei der Verpaarung von zwei Tr\u00e4gern besteht die Gefahr, dass die Nachkommen von der Erkrankung betroffen sind (25%).<br><br>Die Existenz von Tr\u00e4gern in einer gesunden Population erh\u00f6ht die Variabilit\u00e4t des gesamten Genpools, weshalb diese nicht kategorisch von der Zucht ausgeschlossen werden sollten. Eine Verpaarung sollte jedoch immer nur mit mutations-freien Tieren erfolgen, so dass keine homozygot betroffenen Tiere entstehen k\u00f6nnen.<\/p>\n","protected":false},"excerpt":{"rendered":"<p>Was ist CEA -Collie Eye Anomalie ?CEA bedeutet Collie Eye Anomalie. Sie ist eine Augenerkrankung, die vor allem bei Collies und verwandten Hunderassen wie dem Australian Shepherd auftritt. Die Augenkrankheit betrifft den Augenhintergrund und f\u00fchrt zu einer Beeintr\u00e4chtigung der Seekraft oder sogar zur Erblindung. ErkrankungBei der CEA handelt es sich um eine Erbkrankheit, bei der &hellip; <\/p>\n<p class=\"link-more\"><a href=\"https:\/\/purplearrow.ch\/?page_id=770\" class=\"more-link\"><span class=\"screen-reader-text\">\u201eCEA\u201c<\/span> weiterlesen<\/a><\/p>\n","protected":false},"author":1,"featured_media":0,"parent":74,"menu_order":2,"comment_status":"closed","ping_status":"closed","template":"","meta":{"footnotes":""},"class_list":["post-770","page","type-page","status-publish","hentry"],"_links":{"self":[{"href":"https:\/\/purplearrow.ch\/index.php?rest_route=\/wp\/v2\/pages\/770","targetHints":{"allow":["GET"]}}],"collection":[{"href":"https:\/\/purplearrow.ch\/index.php?rest_route=\/wp\/v2\/pages"}],"about":[{"href":"https:\/\/purplearrow.ch\/index.php?rest_route=\/wp\/v2\/types\/page"}],"author":[{"embeddable":true,"href":"https:\/\/purplearrow.ch\/index.php?rest_route=\/wp\/v2\/users\/1"}],"replies":[{"embeddable":true,"href":"https:\/\/purplearrow.ch\/index.php?rest_route=%2Fwp%2Fv2%2Fcomments&post=770"}],"version-history":[{"count":3,"href":"https:\/\/purplearrow.ch\/index.php?rest_route=\/wp\/v2\/pages\/770\/revisions"}],"predecessor-version":[{"id":6314,"href":"https:\/\/purplearrow.ch\/index.php?rest_route=\/wp\/v2\/pages\/770\/revisions\/6314"}],"up":[{"embeddable":true,"href":"https:\/\/purplearrow.ch\/index.php?rest_route=\/wp\/v2\/pages\/74"}],"wp:attachment":[{"href":"https:\/\/purplearrow.ch\/index.php?rest_route=%2Fwp%2Fv2%2Fmedia&parent=770"}],"curies":[{"name":"wp","href":"https:\/\/api.w.org\/{rel}","templated":true}]}}