{"id":1794,"date":"2022-01-29T17:53:55","date_gmt":"2022-01-29T17:53:55","guid":{"rendered":"https:\/\/purplearrow.ch\/?page_id=1794"},"modified":"2024-04-22T16:03:15","modified_gmt":"2024-04-22T16:03:15","slug":"light","status":"publish","type":"page","link":"https:\/\/purplearrow.ch\/?page_id=1794","title":{"rendered":"Light"},"content":{"rendered":"\n<div class=\"wp-block-media-text alignwide is-stacked-on-mobile\" style=\"grid-template-columns:39% auto\"><figure class=\"wp-block-media-text__media\"><img loading=\"lazy\" decoding=\"async\" width=\"772\" height=\"1024\" src=\"https:\/\/purplearrow.ch\/wp-content\/uploads\/2022\/01\/Light_201-1-772x1024.jpg\" alt=\"\" class=\"wp-image-352 size-full\" srcset=\"https:\/\/purplearrow.ch\/wp-content\/uploads\/2022\/01\/Light_201-1-772x1024.jpg 772w, https:\/\/purplearrow.ch\/wp-content\/uploads\/2022\/01\/Light_201-1-226x300.jpg 226w, https:\/\/purplearrow.ch\/wp-content\/uploads\/2022\/01\/Light_201-1-768x1019.jpg 768w, https:\/\/purplearrow.ch\/wp-content\/uploads\/2022\/01\/Light_201-1-1157x1536.jpg 1157w, https:\/\/purplearrow.ch\/wp-content\/uploads\/2022\/01\/Light_201-1-1543x2048.jpg 1543w, https:\/\/purplearrow.ch\/wp-content\/uploads\/2022\/01\/Light_201-1-1568x2081.jpg 1568w, https:\/\/purplearrow.ch\/wp-content\/uploads\/2022\/01\/Light_201-1.jpg 1614w\" sizes=\"auto, (max-width: 706px) 89vw, (max-width: 767px) 82vw, 740px\" \/><\/figure><div class=\"wp-block-media-text__content\">\n<h3 class=\"wp-block-heading\" style=\"font-size:14px\"><strong>Purple arrow&#8217;s Kingston City Light<\/strong><\/h3>\n\n\n\n<p style=\"font-size:16px\">12.4.2013 &#8211; 27.4.2022<br>blue merle, c\/w, red factored<br>HD A\/A; ED 0\/0; OCD frei; LS-\u00dcGW Typ 1<br>Vollst\u00e4ndiges Scherengebiss<br>MDR1 +\/+; HSF4 N\/N; CEA N\/N;<br>PRA N\/N; DM N\/DM; CMR1 N\/N<br>Agility 3, Rally-Obedience Gold<br>ASCS Jugend-Agility-Vice-SM 2015<br>Schweizer-Jugend-Sch\u00f6nheits-Champion<br>Angek\u00f6rt: 3.5.2015<br><a href=\"http:\/\/Pedigree Light Bilder\"><br><\/a><a href=\"https:\/\/purplearrow.ch\/wp-content\/uploads\/2022\/04\/Pedigree-Light-Bilder.pdf\"><mark style=\"background-color:rgba(0, 0, 0, 0)\" class=\"has-inline-color has-luminous-vivid-amber-color\">Pedigree<\/mark><\/a><br><a href=\"https:\/\/purplearrow.ch\/?page_id=1308\" data-type=\"page\" data-id=\"1308\"><mark style=\"background-color:rgba(0, 0, 0, 0)\" class=\"has-inline-color has-luminous-vivid-amber-color\"><\/mark><mark style=\"background-color:rgba(0, 0, 0, 0)\" class=\"has-inline-color has-luminous-vivid-amber-color\">Nachkommen von Light<\/mark><\/a><\/p>\n<\/div><\/div>\n\n\n\n<figure class=\"wp-block-image size-large is-resized\"><img loading=\"lazy\" decoding=\"async\" width=\"1024\" height=\"683\" src=\"https:\/\/purplearrow.ch\/wp-content\/uploads\/2022\/01\/Light-0013-1024x683.jpg\" alt=\"\" class=\"wp-image-1807\" srcset=\"https:\/\/purplearrow.ch\/wp-content\/uploads\/2022\/01\/Light-0013-1024x683.jpg 1024w, https:\/\/purplearrow.ch\/wp-content\/uploads\/2022\/01\/Light-0013-300x200.jpg 300w, https:\/\/purplearrow.ch\/wp-content\/uploads\/2022\/01\/Light-0013-768x512.jpg 768w, https:\/\/purplearrow.ch\/wp-content\/uploads\/2022\/01\/Light-0013-1536x1024.jpg 1536w, https:\/\/purplearrow.ch\/wp-content\/uploads\/2022\/01\/Light-0013-2048x1365.jpg 2048w\" sizes=\"auto, (max-width: 706px) 89vw, (max-width: 767px) 82vw, 740px\" \/><\/figure>\n\n\n\n<figure class=\"wp-block-image size-large is-resized is-style-default\"><img loading=\"lazy\" decoding=\"async\" width=\"1024\" height=\"683\" src=\"https:\/\/purplearrow.ch\/wp-content\/uploads\/2022\/01\/Light-002-1024x683.jpg\" alt=\"\" class=\"wp-image-1718\" srcset=\"https:\/\/purplearrow.ch\/wp-content\/uploads\/2022\/01\/Light-002-1024x683.jpg 1024w, https:\/\/purplearrow.ch\/wp-content\/uploads\/2022\/01\/Light-002-300x200.jpg 300w, https:\/\/purplearrow.ch\/wp-content\/uploads\/2022\/01\/Light-002-768x512.jpg 768w, https:\/\/purplearrow.ch\/wp-content\/uploads\/2022\/01\/Light-002-1536x1024.jpg 1536w, https:\/\/purplearrow.ch\/wp-content\/uploads\/2022\/01\/Light-002-2048x1365.jpg 2048w\" sizes=\"auto, (max-width: 706px) 89vw, (max-width: 767px) 82vw, 740px\" \/><\/figure>\n\n\n\n<figure class=\"wp-block-image size-large is-resized is-style-default\"><img loading=\"lazy\" decoding=\"async\" width=\"1024\" height=\"683\" src=\"https:\/\/purplearrow.ch\/wp-content\/uploads\/2022\/01\/Light-frisbee-1024x683.jpg\" alt=\"\" class=\"wp-image-1719\" srcset=\"https:\/\/purplearrow.ch\/wp-content\/uploads\/2022\/01\/Light-frisbee-1024x683.jpg 1024w, https:\/\/purplearrow.ch\/wp-content\/uploads\/2022\/01\/Light-frisbee-300x200.jpg 300w, https:\/\/purplearrow.ch\/wp-content\/uploads\/2022\/01\/Light-frisbee-768x512.jpg 768w, https:\/\/purplearrow.ch\/wp-content\/uploads\/2022\/01\/Light-frisbee-1536x1024.jpg 1536w, https:\/\/purplearrow.ch\/wp-content\/uploads\/2022\/01\/Light-frisbee-2048x1365.jpg 2048w\" sizes=\"auto, (max-width: 706px) 89vw, (max-width: 767px) 82vw, 740px\" \/><\/figure>\n\n\n\n<h3 class=\"wp-block-heading has-normal-font-size\" id=\"agility-a3-v0-2-rang-9-11-2019\"><strong>Agility A3 &#8211; V0 2. Rang &#8211; 9.11.2019<\/strong><\/h3>\n\n\n\n<figure class=\"wp-block-video\"><video height=\"720\" style=\"aspect-ratio: 1280 \/ 720;\" width=\"1280\" controls src=\"https:\/\/purplearrow.ch\/wp-content\/uploads\/2022\/01\/Agility_Light_2018.mp4\"><\/video><\/figure>\n\n\n\n<h3 class=\"wp-block-heading has-normal-font-size\" id=\"agility-a3-v0-3-rang-25-3-2018\"><strong>Agility A3 &#8211; V0 3. Rang &#8211; 25.3.2018<\/strong><\/h3>\n\n\n\n<figure class=\"wp-block-video\"><video height=\"720\" style=\"aspect-ratio: 1280 \/ 720;\" width=\"1280\" controls src=\"https:\/\/purplearrow.ch\/wp-content\/uploads\/2022\/01\/Agility_Light_2018.mp4\"><\/video><\/figure>\n\n\n\n<p style=\"font-size:16px\">V2 offene Klasse, Res,-Anw.Dt. CH. VDH und Top 5 Male; 27.08.2017, Australian Shepherd Versatility Weekend, Donaueschingen D<\/p>\n\n\n\n<figure class=\"wp-block-image size-full is-resized is-style-default\"><img loading=\"lazy\" decoding=\"async\" width=\"622\" height=\"746\" src=\"https:\/\/purplearrow.ch\/wp-content\/uploads\/2022\/01\/Light-005-1.jpg\" alt=\"\" class=\"wp-image-1739\" srcset=\"https:\/\/purplearrow.ch\/wp-content\/uploads\/2022\/01\/Light-005-1.jpg 622w, https:\/\/purplearrow.ch\/wp-content\/uploads\/2022\/01\/Light-005-1-250x300.jpg 250w\" sizes=\"auto, (max-width: 622px) 100vw, 622px\" \/><\/figure>\n\n\n\n<figure class=\"wp-block-image size-large is-resized is-style-default\"><img loading=\"lazy\" decoding=\"async\" width=\"725\" height=\"1024\" src=\"https:\/\/purplearrow.ch\/wp-content\/uploads\/2022\/01\/light-champion-1-725x1024.jpg\" alt=\"\" class=\"wp-image-1738\" srcset=\"https:\/\/purplearrow.ch\/wp-content\/uploads\/2022\/01\/light-champion-1-725x1024.jpg 725w, https:\/\/purplearrow.ch\/wp-content\/uploads\/2022\/01\/light-champion-1-212x300.jpg 212w, https:\/\/purplearrow.ch\/wp-content\/uploads\/2022\/01\/light-champion-1-768x1085.jpg 768w, https:\/\/purplearrow.ch\/wp-content\/uploads\/2022\/01\/light-champion-1-1087x1536.jpg 1087w, https:\/\/purplearrow.ch\/wp-content\/uploads\/2022\/01\/light-champion-1.jpg 1359w\" sizes=\"auto, (max-width: 725px) 100vw, 725px\" \/><\/figure>\n\n\n\n<figure class=\"wp-block-image size-large is-resized is-style-default\"><img loading=\"lazy\" decoding=\"async\" width=\"1024\" height=\"683\" src=\"https:\/\/purplearrow.ch\/wp-content\/uploads\/2022\/01\/Light-007-1024x683.jpg\" alt=\"\" class=\"wp-image-1723\" srcset=\"https:\/\/purplearrow.ch\/wp-content\/uploads\/2022\/01\/Light-007-1024x683.jpg 1024w, https:\/\/purplearrow.ch\/wp-content\/uploads\/2022\/01\/Light-007-300x200.jpg 300w, https:\/\/purplearrow.ch\/wp-content\/uploads\/2022\/01\/Light-007-768x512.jpg 768w, https:\/\/purplearrow.ch\/wp-content\/uploads\/2022\/01\/Light-007-1536x1024.jpg 1536w, https:\/\/purplearrow.ch\/wp-content\/uploads\/2022\/01\/Light-007-2048x1365.jpg 2048w\" sizes=\"auto, (max-width: 706px) 89vw, (max-width: 767px) 82vw, 740px\" \/><\/figure>\n\n\n\n<figure class=\"wp-block-image size-large is-resized is-style-default\"><img loading=\"lazy\" decoding=\"async\" width=\"853\" height=\"1024\" src=\"https:\/\/purplearrow.ch\/wp-content\/uploads\/2022\/01\/Light-003-853x1024.jpg\" alt=\"\" class=\"wp-image-1724\" srcset=\"https:\/\/purplearrow.ch\/wp-content\/uploads\/2022\/01\/Light-003-853x1024.jpg 853w, https:\/\/purplearrow.ch\/wp-content\/uploads\/2022\/01\/Light-003-250x300.jpg 250w, https:\/\/purplearrow.ch\/wp-content\/uploads\/2022\/01\/Light-003-768x922.jpg 768w, https:\/\/purplearrow.ch\/wp-content\/uploads\/2022\/01\/Light-003.jpg 955w\" sizes=\"auto, (max-width: 706px) 89vw, (max-width: 767px) 82vw, 740px\" \/><\/figure>\n\n\n\n<h3 class=\"wp-block-heading\" id=\"ausstellungs-erfolge\" style=\"font-size:14px\"><strong><em>Ausstellungs-Erfolge<br><\/em><\/strong><\/h3>\n\n\n\n<p style=\"font-size:14px\"><strong>27.08.17 Australian Shepherd Versatility Weekend, Donaueschingen D<br>Richterin: Joyce Siddall, USA<\/strong>V2 offene Klasse, Res.-Anw.Dt.Ch.VDH und Top 5 Males<br><br>V4 offene Klasse, 12.03.2017, Offenburg D<br><br><strong>28.08.16 Australian Shepherd Versatility Weekend, Donaueschingen D<br>Richterin: Sharon Sparks, USA<\/strong>V4 offene Klasse und 1. Platz Combination Cup Agility + Confirmation<br>V1 CAC Zwischenklasse, 15. 04.2015, Offenburg DV1 CAC Zwischenklasse, 18.10.2014, Dortmund D<br>V2 Res. CAC Zwischenklasse, 17.10.2014, Dortmund D<br><br><strong>Schweizer Jugend-Sch\u00f6nheits-Champion<\/strong><br>V1 CAC, Jugendsieger, 21.6.2014, NHA Aarau<br>V1 CAC-Jugend, BOS, 10.5.2014, IHA St. GallenV1 CAC, Jugendsieger, BOS, 10.5.2014, IHA St. GallenV1 CAC-Club JGD, Ortenau-Jugend-Sieger, 16.3.2014, IHA Offenburg DV3 Jugendklasse; 22.2.2014, IHA Fribourg<br>V2 Jugendklasse; 23.2.2014, IHA FribourgVV1 Best Puppy; 1.9.2013 Australian Shepherd Versatility Weekend, Donaueschingen D<br><br><strong>Richterbericht von Sharon Sparks, USA, in Donaueschingen<br><\/strong>nice head typ, could use more till under eye, to see little smaker ear, very nice posteruun, very nice shoulder leg and return of upper arm, very nice topline, nice croup, nice turn of stifle, would like more bone for size, very nice V-rear, exc. front movement, very nice sidegait, beautiful exemple of the breed.<br><br><strong>Richterbericht von Herrn Pepper in Offenburg<\/strong><br>Maskuliner R\u00fcde, vorz\u00fcglicher Kopf und Ausdruck, vorz\u00fcgliche Oberlinie, Prop. Winkelungen, Pfoten und Rute, Korr. Brust, vorz\u00fcgliches Haar, fl\u00fcssige Parall. Bewegungen, gleichm\u00e4ssig Konvergierend.<br><br><strong>Richterbericht von Frau Petra Bartz in Dortmund<\/strong><br>18. Monate alter maskuliner R\u00fcde von korrektem Format, rassetypischer Kopf und korrekter Ausdruck, korrekt eingesetzte Augen, korrekt angesetzte dreieckige Ohren, m\u00e4ssig langer Hals, gerader R\u00fccken, lange Rute, leicht aufgesetzte untere Linie, kr\u00e4ftige Laufknochen, korrekt gelagerte Schulter mit geraden Vorderl\u00e4ufen, in der Bewegung fl\u00fcssig + raumgreifend + frei, aufgeschlossenes freundliches Verhalten.<br><br><strong>Richterbericht von Herrn Erwin Deutscher in Offenburg<\/strong><br>harmonisch im Typ, sehr sch\u00f6ner Kopf, korr. Augen, harmonische Hals und R\u00fcckenlinie, vorz\u00fcgliches Haarkleid und Textur, kr\u00e4ftige Vorbrust, Winkelung, Bewegung und Wesen vorz\u00fcglich.<br><br><strong>Richterbericht von Eva Mosimann in Fribourg<br><\/strong>kr\u00e4ftig gebauter R\u00fcde, starker Knochenbau, typischer Kopf mit korrekten Proportionen, dunkle Augen und Pigmente, kompletes Scherengebiss, vorz. Front, sehr sch\u00f6ne obere Linie, Kruppe und Rute, gen\u00fcgend HH-Winkelung, sehr sch\u00f6n im Stand, guter Bewegungsablauf, kraftvoll, vorz. Haarkleid im Wechsel, sehr freundliches Wesen.<\/p>\n\n\n\n<figure class=\"wp-block-image size-large is-resized is-style-default\"><img loading=\"lazy\" decoding=\"async\" width=\"683\" height=\"1024\" src=\"https:\/\/purplearrow.ch\/wp-content\/uploads\/2022\/01\/Light-004-683x1024.jpg\" alt=\"\" class=\"wp-image-1725\" srcset=\"https:\/\/purplearrow.ch\/wp-content\/uploads\/2022\/01\/Light-004-683x1024.jpg 683w, https:\/\/purplearrow.ch\/wp-content\/uploads\/2022\/01\/Light-004-200x300.jpg 200w, https:\/\/purplearrow.ch\/wp-content\/uploads\/2022\/01\/Light-004-768x1152.jpg 768w, https:\/\/purplearrow.ch\/wp-content\/uploads\/2022\/01\/Light-004.jpg 944w\" sizes=\"auto, (max-width: 683px) 100vw, 683px\" \/><\/figure>\n\n\n\n<p style=\"font-size:14px\"><strong>Agility: <\/strong>1. Rang Agility A 28.11.2014 Biasca<br>1. Rang Agility A 13.12.2014 Kaiseraugst<br>3. Rang Jumping A 13.12.2014 Kaiseraugst<br>3. Rang Agility A 27.12.2014 Lengnau<br>2. Rang Agility A 28.12.2014 Lengnau<br>1. Rang Agility 1 25.01.2015 agilitysports<br>3. Rang Jumping 1 08.02.2015 Lengnau<br>3. Rang Agility 1 18.4.2015 agilitysports <br>3. Rang Agility 1 17.10.2015 Lengnau<br>2. Rang Agility 2 16.01.2016 agilitsports<br>2. Rang Agility 2 04.02.2017 Champion Dog<br>3. Rang Agility 2 25.03.2017 Champion Dog<br>2. Rang Agility 3 20.05.2017 Champion Dog<br>3. Rang Agility 3 25.03.2018 Lengnau<br><br><strong>Rally-Obedience:<br><\/strong>Gold 189 P. 27.7.2018 Dogscool<br>Gold 193 P. 27.7.2018 Dogscool<\/p>\n\n\n\n<p style=\"font-size:14px\"><strong>ASCS Jugend-Agility-Vize-Schweizermeister 2015<\/strong><\/p>\n\n\n\n<figure class=\"wp-block-image size-large is-resized is-style-default\"><img loading=\"lazy\" decoding=\"async\" width=\"683\" height=\"1024\" src=\"https:\/\/purplearrow.ch\/wp-content\/uploads\/2022\/01\/Light-006-683x1024.jpg\" alt=\"\" class=\"wp-image-1726\" srcset=\"https:\/\/purplearrow.ch\/wp-content\/uploads\/2022\/01\/Light-006-683x1024.jpg 683w, https:\/\/purplearrow.ch\/wp-content\/uploads\/2022\/01\/Light-006-200x300.jpg 200w, https:\/\/purplearrow.ch\/wp-content\/uploads\/2022\/01\/Light-006-768x1152.jpg 768w, https:\/\/purplearrow.ch\/wp-content\/uploads\/2022\/01\/Light-006-1024x1536.jpg 1024w, https:\/\/purplearrow.ch\/wp-content\/uploads\/2022\/01\/Light-006-1366x2048.jpg 1366w, https:\/\/purplearrow.ch\/wp-content\/uploads\/2022\/01\/Light-006.jpg 1373w\" sizes=\"auto, (max-width: 683px) 100vw, 683px\" \/><\/figure>\n\n\n\n<figure class=\"wp-block-image size-large is-resized\"><img loading=\"lazy\" decoding=\"async\" width=\"1024\" height=\"640\" src=\"https:\/\/purplearrow.ch\/wp-content\/uploads\/2022\/01\/Light-0012-1024x640.jpg\" alt=\"\" class=\"wp-image-1808\" srcset=\"https:\/\/purplearrow.ch\/wp-content\/uploads\/2022\/01\/Light-0012-1024x640.jpg 1024w, https:\/\/purplearrow.ch\/wp-content\/uploads\/2022\/01\/Light-0012-300x188.jpg 300w, https:\/\/purplearrow.ch\/wp-content\/uploads\/2022\/01\/Light-0012-768x480.jpg 768w, https:\/\/purplearrow.ch\/wp-content\/uploads\/2022\/01\/Light-0012-1536x960.jpg 1536w, https:\/\/purplearrow.ch\/wp-content\/uploads\/2022\/01\/Light-0012.jpg 1763w\" sizes=\"auto, (max-width: 706px) 89vw, (max-width: 767px) 82vw, 740px\" \/><\/figure>\n\n\n\n<h2 class=\"wp-block-heading has-medium-font-size\" id=\"welpenbilder\">Welpenbilder<\/h2>\n\n\n\n<figure class=\"wp-block-image size-large is-resized is-style-default\"><img loading=\"lazy\" decoding=\"async\" width=\"1024\" height=\"683\" src=\"https:\/\/purplearrow.ch\/wp-content\/uploads\/2022\/01\/Light-008-1024x683.jpg\" alt=\"\" class=\"wp-image-1727\" srcset=\"https:\/\/purplearrow.ch\/wp-content\/uploads\/2022\/01\/Light-008-1024x683.jpg 1024w, https:\/\/purplearrow.ch\/wp-content\/uploads\/2022\/01\/Light-008-300x200.jpg 300w, https:\/\/purplearrow.ch\/wp-content\/uploads\/2022\/01\/Light-008-768x512.jpg 768w, https:\/\/purplearrow.ch\/wp-content\/uploads\/2022\/01\/Light-008-1536x1024.jpg 1536w, https:\/\/purplearrow.ch\/wp-content\/uploads\/2022\/01\/Light-008-2048x1365.jpg 2048w\" sizes=\"auto, (max-width: 706px) 89vw, (max-width: 767px) 82vw, 740px\" \/><\/figure>\n\n\n\n<figure class=\"wp-block-image size-large is-resized\"><img loading=\"lazy\" decoding=\"async\" width=\"1024\" height=\"683\" src=\"https:\/\/purplearrow.ch\/wp-content\/uploads\/2022\/01\/Light-009-1024x683.jpg\" alt=\"\" class=\"wp-image-1728\" srcset=\"https:\/\/purplearrow.ch\/wp-content\/uploads\/2022\/01\/Light-009-1024x683.jpg 1024w, https:\/\/purplearrow.ch\/wp-content\/uploads\/2022\/01\/Light-009-300x200.jpg 300w, https:\/\/purplearrow.ch\/wp-content\/uploads\/2022\/01\/Light-009-768x512.jpg 768w, https:\/\/purplearrow.ch\/wp-content\/uploads\/2022\/01\/Light-009-1536x1024.jpg 1536w, https:\/\/purplearrow.ch\/wp-content\/uploads\/2022\/01\/Light-009-2048x1366.jpg 2048w\" sizes=\"auto, (max-width: 706px) 89vw, (max-width: 767px) 82vw, 740px\" \/><\/figure>\n\n\n\n<figure class=\"wp-block-image size-large is-resized\"><img loading=\"lazy\" decoding=\"async\" width=\"1024\" height=\"683\" src=\"https:\/\/purplearrow.ch\/wp-content\/uploads\/2022\/01\/Light-0010-1024x683.jpg\" alt=\"\" class=\"wp-image-1729\" srcset=\"https:\/\/purplearrow.ch\/wp-content\/uploads\/2022\/01\/Light-0010-1024x683.jpg 1024w, https:\/\/purplearrow.ch\/wp-content\/uploads\/2022\/01\/Light-0010-300x200.jpg 300w, https:\/\/purplearrow.ch\/wp-content\/uploads\/2022\/01\/Light-0010-768x512.jpg 768w, https:\/\/purplearrow.ch\/wp-content\/uploads\/2022\/01\/Light-0010-1536x1024.jpg 1536w, https:\/\/purplearrow.ch\/wp-content\/uploads\/2022\/01\/Light-0010-2048x1365.jpg 2048w\" sizes=\"auto, (max-width: 706px) 89vw, (max-width: 767px) 82vw, 740px\" \/><\/figure>\n\n\n\n<figure class=\"wp-block-image size-large is-resized\"><img loading=\"lazy\" decoding=\"async\" width=\"1024\" height=\"614\" src=\"https:\/\/purplearrow.ch\/wp-content\/uploads\/2022\/01\/Light-0011-1024x614.jpg\" alt=\"\" class=\"wp-image-1735\" srcset=\"https:\/\/purplearrow.ch\/wp-content\/uploads\/2022\/01\/Light-0011-1024x614.jpg 1024w, https:\/\/purplearrow.ch\/wp-content\/uploads\/2022\/01\/Light-0011-300x180.jpg 300w, https:\/\/purplearrow.ch\/wp-content\/uploads\/2022\/01\/Light-0011-768x461.jpg 768w, https:\/\/purplearrow.ch\/wp-content\/uploads\/2022\/01\/Light-0011-1536x921.jpg 1536w, https:\/\/purplearrow.ch\/wp-content\/uploads\/2022\/01\/Light-0011-2048x1229.jpg 2048w, https:\/\/purplearrow.ch\/wp-content\/uploads\/2022\/01\/Light-0011-2000x1200.jpg 2000w\" sizes=\"auto, (max-width: 706px) 89vw, (max-width: 767px) 82vw, 740px\" \/><\/figure>\n\n\n\n<h3 class=\"wp-block-heading has-normal-font-size\" id=\"mutter-purple-arrow-s-famouse-face\"><strong>Mutter: Purple arrow&#8217;s Famouse Face<\/strong><\/h3>\n\n\n\n<figure class=\"wp-block-image size-large is-resized\"><img loading=\"lazy\" decoding=\"async\" width=\"853\" height=\"1024\" src=\"https:\/\/purplearrow.ch\/wp-content\/uploads\/2022\/01\/Face-853x1024.jpg\" alt=\"\" class=\"wp-image-1447\" style=\"width:477px;height:auto\" srcset=\"https:\/\/purplearrow.ch\/wp-content\/uploads\/2022\/01\/Face-853x1024.jpg 853w, https:\/\/purplearrow.ch\/wp-content\/uploads\/2022\/01\/Face-250x300.jpg 250w, https:\/\/purplearrow.ch\/wp-content\/uploads\/2022\/01\/Face-768x922.jpg 768w, https:\/\/purplearrow.ch\/wp-content\/uploads\/2022\/01\/Face.jpg 1074w\" sizes=\"auto, (max-width: 706px) 89vw, (max-width: 767px) 82vw, 740px\" \/><\/figure>\n\n\n\n<h3 class=\"wp-block-heading has-normal-font-size\" id=\"vater-mill-creek-s-night-flight-kanoa\"><strong>Vater: Mill Creek&#8217;s Night Flight &#8222;Kanoa&#8220;<\/strong><\/h3>\n\n\n\n<figure class=\"wp-block-image size-full is-resized\"><img loading=\"lazy\" decoding=\"async\" width=\"476\" height=\"397\" src=\"https:\/\/purplearrow.ch\/wp-content\/uploads\/2022\/01\/K-Wurf-kanoa.jpg\" alt=\"\" class=\"wp-image-1189\" srcset=\"https:\/\/purplearrow.ch\/wp-content\/uploads\/2022\/01\/K-Wurf-kanoa.jpg 476w, https:\/\/purplearrow.ch\/wp-content\/uploads\/2022\/01\/K-Wurf-kanoa-300x250.jpg 300w\" sizes=\"auto, (max-width: 476px) 100vw, 476px\" \/><\/figure>\n","protected":false},"excerpt":{"rendered":"<p>Purple arrow&#8217;s Kingston City Light 12.4.2013 &#8211; 27.4.2022blue merle, c\/w, red factoredHD A\/A; ED 0\/0; OCD frei; LS-\u00dcGW Typ 1Vollst\u00e4ndiges ScherengebissMDR1 +\/+; HSF4 N\/N; CEA N\/N;PRA N\/N; DM N\/DM; CMR1 N\/NAgility 3, Rally-Obedience GoldASCS Jugend-Agility-Vice-SM 2015Schweizer-Jugend-Sch\u00f6nheits-ChampionAngek\u00f6rt: 3.5.2015PedigreeNachkommen von Light Agility A3 &#8211; V0 2. Rang &#8211; 9.11.2019 Agility A3 &#8211; V0 3. Rang &#8211; 25.3.2018 &hellip; <\/p>\n<p class=\"link-more\"><a href=\"https:\/\/purplearrow.ch\/?page_id=1794\" class=\"more-link\"><span class=\"screen-reader-text\">\u201eLight\u201c<\/span> weiterlesen<\/a><\/p>\n","protected":false},"author":1,"featured_media":0,"parent":0,"menu_order":0,"comment_status":"closed","ping_status":"closed","template":"","meta":{"footnotes":""},"class_list":["post-1794","page","type-page","status-publish","hentry"],"_links":{"self":[{"href":"https:\/\/purplearrow.ch\/index.php?rest_route=\/wp\/v2\/pages\/1794","targetHints":{"allow":["GET"]}}],"collection":[{"href":"https:\/\/purplearrow.ch\/index.php?rest_route=\/wp\/v2\/pages"}],"about":[{"href":"https:\/\/purplearrow.ch\/index.php?rest_route=\/wp\/v2\/types\/page"}],"author":[{"embeddable":true,"href":"https:\/\/purplearrow.ch\/index.php?rest_route=\/wp\/v2\/users\/1"}],"replies":[{"embeddable":true,"href":"https:\/\/purplearrow.ch\/index.php?rest_route=%2Fwp%2Fv2%2Fcomments&post=1794"}],"version-history":[{"count":16,"href":"https:\/\/purplearrow.ch\/index.php?rest_route=\/wp\/v2\/pages\/1794\/revisions"}],"predecessor-version":[{"id":6195,"href":"https:\/\/purplearrow.ch\/index.php?rest_route=\/wp\/v2\/pages\/1794\/revisions\/6195"}],"wp:attachment":[{"href":"https:\/\/purplearrow.ch\/index.php?rest_route=%2Fwp%2Fv2%2Fmedia&parent=1794"}],"curies":[{"name":"wp","href":"https:\/\/api.w.org\/{rel}","templated":true}]}}