{"id":1037,"date":"2022-01-19T22:45:32","date_gmt":"2022-01-19T22:45:32","guid":{"rendered":"https:\/\/purplearrow.ch\/?page_id=1037"},"modified":"2025-02-21T17:59:31","modified_gmt":"2025-02-21T17:59:31","slug":"b-wurf","status":"publish","type":"page","link":"https:\/\/purplearrow.ch\/?page_id=1037","title":{"rendered":"B-Wurf &#8211; 27.10.2003"},"content":{"rendered":"\n<figure class=\"wp-block-image size-full is-resized\"><img loading=\"lazy\" decoding=\"async\" width=\"391\" height=\"261\" src=\"https:\/\/purplearrow.ch\/wp-content\/uploads\/2022\/01\/B-Wurf-Welpen.jpg\" alt=\"\" class=\"wp-image-1655\" style=\"width:668px;height:auto\" srcset=\"https:\/\/purplearrow.ch\/wp-content\/uploads\/2022\/01\/B-Wurf-Welpen.jpg 391w, https:\/\/purplearrow.ch\/wp-content\/uploads\/2022\/01\/B-Wurf-Welpen-300x200.jpg 300w\" sizes=\"auto, (max-width: 391px) 100vw, 391px\" \/><\/figure>\n\n\n\n<p style=\"font-size:16px\"><strong>Montag, 27. Oktober 2003 <\/strong><br>9 Welpen<br>5 R\u00fcden, 4 H\u00fcndinnen<\/p>\n\n\n\n<p style=\"font-size:16px\"><a href=\"https:\/\/purplearrow.ch\/?page_id=5298\" data-type=\"page\" data-id=\"5298\"><mark style=\"background-color:rgba(0, 0, 0, 0)\" class=\"has-inline-color has-luminous-vivid-amber-color\">Aus der Wurfkiste<\/mark><\/a><\/p>\n\n\n\n<div class=\"wp-block-media-text alignwide is-stacked-on-mobile\" style=\"grid-template-columns:25% auto\"><figure class=\"wp-block-media-text__media\"><img loading=\"lazy\" decoding=\"async\" width=\"257\" height=\"257\" src=\"https:\/\/purplearrow.ch\/wp-content\/uploads\/2022\/01\/B-Wurf-Bashira.jpg\" alt=\"\" class=\"wp-image-1935 size-full\" srcset=\"https:\/\/purplearrow.ch\/wp-content\/uploads\/2022\/01\/B-Wurf-Bashira.jpg 257w, https:\/\/purplearrow.ch\/wp-content\/uploads\/2022\/01\/B-Wurf-Bashira-150x150.jpg 150w, https:\/\/purplearrow.ch\/wp-content\/uploads\/2022\/01\/B-Wurf-Bashira-100x100.jpg 100w\" sizes=\"auto, (max-width: 257px) 100vw, 257px\" \/><\/figure><div class=\"wp-block-media-text__content\">\n<p style=\"font-size:14px\"><strong>Purple arrow&#8217;s Bashira Bahati<\/strong><br>H\u00fcndin  <br>Red, c\/w<br>MDR1 +\/-<br>HD A\/A; ED 0\/0<br>Agility 2<\/p>\n<\/div><\/div>\n\n\n\n<div class=\"wp-block-media-text alignwide is-stacked-on-mobile\" style=\"grid-template-columns:25% auto\"><figure class=\"wp-block-media-text__media\"><img loading=\"lazy\" decoding=\"async\" width=\"365\" height=\"365\" src=\"https:\/\/purplearrow.ch\/wp-content\/uploads\/2022\/01\/B-Wurf-baka.jpg\" alt=\"\" class=\"wp-image-1940 size-full\" srcset=\"https:\/\/purplearrow.ch\/wp-content\/uploads\/2022\/01\/B-Wurf-baka.jpg 365w, https:\/\/purplearrow.ch\/wp-content\/uploads\/2022\/01\/B-Wurf-baka-300x300.jpg 300w, https:\/\/purplearrow.ch\/wp-content\/uploads\/2022\/01\/B-Wurf-baka-150x150.jpg 150w, https:\/\/purplearrow.ch\/wp-content\/uploads\/2022\/01\/B-Wurf-baka-100x100.jpg 100w\" sizes=\"auto, (max-width: 365px) 100vw, 365px\" \/><\/figure><div class=\"wp-block-media-text__content\">\n<p style=\"font-size:14px\"><strong>Purple arrow&#8217;s Baika Baka<\/strong><br>H\u00fcndin  <br>Black, c\/w<br>HD A\/A; ED 0\/0<\/p>\n<\/div><\/div>\n\n\n\n<div class=\"wp-block-media-text alignwide is-stacked-on-mobile\" style=\"grid-template-columns:25% auto\"><figure class=\"wp-block-media-text__media\"><img loading=\"lazy\" decoding=\"async\" width=\"165\" height=\"165\" src=\"https:\/\/purplearrow.ch\/wp-content\/uploads\/2022\/01\/B-Wurf-Basko.jpg\" alt=\"\" class=\"wp-image-1937 size-full\" srcset=\"https:\/\/purplearrow.ch\/wp-content\/uploads\/2022\/01\/B-Wurf-Basko.jpg 165w, https:\/\/purplearrow.ch\/wp-content\/uploads\/2022\/01\/B-Wurf-Basko-150x150.jpg 150w, https:\/\/purplearrow.ch\/wp-content\/uploads\/2022\/01\/B-Wurf-Basko-100x100.jpg 100w\" sizes=\"auto, (max-width: 165px) 100vw, 165px\" \/><\/figure><div class=\"wp-block-media-text__content\">\n<p style=\"font-size:14px\"><strong>Purple arrow&#8217;s Basko<\/strong><br>R\u00fcde  <br>Red, c\/w<br>HD A\/A; ED 0\/0<br>Agility 2<\/p>\n<\/div><\/div>\n\n\n\n<div class=\"wp-block-media-text alignwide is-stacked-on-mobile\" style=\"grid-template-columns:25% auto\"><figure class=\"wp-block-media-text__media\"><img loading=\"lazy\" decoding=\"async\" width=\"241\" height=\"241\" src=\"https:\/\/purplearrow.ch\/wp-content\/uploads\/2022\/01\/B-Wurf-Sira.jpg\" alt=\"\" class=\"wp-image-1934 size-full\" srcset=\"https:\/\/purplearrow.ch\/wp-content\/uploads\/2022\/01\/B-Wurf-Sira.jpg 241w, https:\/\/purplearrow.ch\/wp-content\/uploads\/2022\/01\/B-Wurf-Sira-150x150.jpg 150w, https:\/\/purplearrow.ch\/wp-content\/uploads\/2022\/01\/B-Wurf-Sira-100x100.jpg 100w\" sizes=\"auto, (max-width: 241px) 100vw, 241px\" \/><\/figure><div class=\"wp-block-media-text__content\">\n<p style=\"font-size:14px\"><strong>Purple arrow&#8217;s Beauty Sira<\/strong><br>H\u00fcndin  <br>Red, c\/w<br>MDR1 +\/-<br>HD B\/B; ED 0\/0<br>Agility 2, Horse &amp; Dog Trail<\/p>\n<\/div><\/div>\n\n\n\n<div class=\"wp-block-media-text alignwide is-stacked-on-mobile\" style=\"grid-template-columns:25% auto\"><figure class=\"wp-block-media-text__media\"><img loading=\"lazy\" decoding=\"async\" width=\"405\" height=\"405\" src=\"https:\/\/purplearrow.ch\/wp-content\/uploads\/2022\/01\/B-Wurf-Blaika.jpg\" alt=\"\" class=\"wp-image-1933 size-full\" srcset=\"https:\/\/purplearrow.ch\/wp-content\/uploads\/2022\/01\/B-Wurf-Blaika.jpg 405w, https:\/\/purplearrow.ch\/wp-content\/uploads\/2022\/01\/B-Wurf-Blaika-300x300.jpg 300w, https:\/\/purplearrow.ch\/wp-content\/uploads\/2022\/01\/B-Wurf-Blaika-150x150.jpg 150w, https:\/\/purplearrow.ch\/wp-content\/uploads\/2022\/01\/B-Wurf-Blaika-100x100.jpg 100w\" sizes=\"auto, (max-width: 405px) 100vw, 405px\" \/><\/figure><div class=\"wp-block-media-text__content\">\n<p style=\"font-size:14px\"><strong>Purple arrow&#8217;s Blaika<\/strong><br>H\u00fcndin  <br>Red, c\/w<br>HD A\/A; ED 0\/0<br>Begleithund<\/p>\n<\/div><\/div>\n\n\n\n<div class=\"wp-block-media-text alignwide is-stacked-on-mobile\" style=\"grid-template-columns:25% auto\"><figure class=\"wp-block-media-text__media\"><img loading=\"lazy\" decoding=\"async\" width=\"383\" height=\"383\" src=\"https:\/\/purplearrow.ch\/wp-content\/uploads\/2022\/01\/B-Wurf-bill.jpg\" alt=\"\" class=\"wp-image-1932 size-full\" srcset=\"https:\/\/purplearrow.ch\/wp-content\/uploads\/2022\/01\/B-Wurf-bill.jpg 383w, https:\/\/purplearrow.ch\/wp-content\/uploads\/2022\/01\/B-Wurf-bill-300x300.jpg 300w, https:\/\/purplearrow.ch\/wp-content\/uploads\/2022\/01\/B-Wurf-bill-150x150.jpg 150w, https:\/\/purplearrow.ch\/wp-content\/uploads\/2022\/01\/B-Wurf-bill-100x100.jpg 100w\" sizes=\"auto, (max-width: 383px) 100vw, 383px\" \/><\/figure><div class=\"wp-block-media-text__content\">\n<p style=\"font-size:14px\"><strong>Purple arrow&#8217;s Bill<\/strong><br>R\u00fcde  <br>Red, c\/w<br>HD A\/B; ED 0\/0<br>Hofhund<\/p>\n<\/div><\/div>\n\n\n\n<div class=\"wp-block-media-text is-stacked-on-mobile\" style=\"grid-template-columns:25% auto\"><figure class=\"wp-block-media-text__media\"><img loading=\"lazy\" decoding=\"async\" width=\"358\" height=\"358\" src=\"https:\/\/purplearrow.ch\/wp-content\/uploads\/2022\/01\/B-Wurf-banjo.jpg\" alt=\"\" class=\"wp-image-1931 size-full\" srcset=\"https:\/\/purplearrow.ch\/wp-content\/uploads\/2022\/01\/B-Wurf-banjo.jpg 358w, https:\/\/purplearrow.ch\/wp-content\/uploads\/2022\/01\/B-Wurf-banjo-300x300.jpg 300w, https:\/\/purplearrow.ch\/wp-content\/uploads\/2022\/01\/B-Wurf-banjo-150x150.jpg 150w, https:\/\/purplearrow.ch\/wp-content\/uploads\/2022\/01\/B-Wurf-banjo-100x100.jpg 100w\" sizes=\"auto, (max-width: 358px) 100vw, 358px\" \/><\/figure><div class=\"wp-block-media-text__content\">\n<p style=\"font-size:14px\"><strong>Purple arrow&#8217;s Banjo<\/strong><br>R\u00fcde   <br>B c\/w<br>HD A\/A; ED 0\/0<br><\/p>\n<\/div><\/div>\n\n\n\n<div class=\"wp-block-media-text alignwide is-stacked-on-mobile\" style=\"grid-template-columns:25% auto\"><figure class=\"wp-block-media-text__media\"><img loading=\"lazy\" decoding=\"async\" width=\"392\" height=\"392\" src=\"https:\/\/purplearrow.ch\/wp-content\/uploads\/2022\/01\/B-Wurf-barclay.jpg\" alt=\"\" class=\"wp-image-1930 size-full\" srcset=\"https:\/\/purplearrow.ch\/wp-content\/uploads\/2022\/01\/B-Wurf-barclay.jpg 392w, https:\/\/purplearrow.ch\/wp-content\/uploads\/2022\/01\/B-Wurf-barclay-300x300.jpg 300w, https:\/\/purplearrow.ch\/wp-content\/uploads\/2022\/01\/B-Wurf-barclay-150x150.jpg 150w, https:\/\/purplearrow.ch\/wp-content\/uploads\/2022\/01\/B-Wurf-barclay-100x100.jpg 100w\" sizes=\"auto, (max-width: 392px) 100vw, 392px\" \/><\/figure><div class=\"wp-block-media-text__content\">\n<p style=\"font-size:14px\"><strong>Purple arrow&#8217;s Barclay Smoky<\/strong><br>R\u00fcde  <br>Red, c\/w<br>HD A\/A; ED 0\/0<br>Dogdance<br><\/p>\n<\/div><\/div>\n\n\n\n<div class=\"wp-block-media-text alignwide is-stacked-on-mobile\" style=\"grid-template-columns:25% auto\"><figure class=\"wp-block-media-text__media\"><img loading=\"lazy\" decoding=\"async\" width=\"360\" height=\"360\" src=\"https:\/\/purplearrow.ch\/wp-content\/uploads\/2022\/01\/B-Wurf-birdee.jpg\" alt=\"\" class=\"wp-image-1941 size-full\" srcset=\"https:\/\/purplearrow.ch\/wp-content\/uploads\/2022\/01\/B-Wurf-birdee.jpg 360w, https:\/\/purplearrow.ch\/wp-content\/uploads\/2022\/01\/B-Wurf-birdee-300x300.jpg 300w, https:\/\/purplearrow.ch\/wp-content\/uploads\/2022\/01\/B-Wurf-birdee-150x150.jpg 150w, https:\/\/purplearrow.ch\/wp-content\/uploads\/2022\/01\/B-Wurf-birdee-100x100.jpg 100w\" sizes=\"auto, (max-width: 360px) 100vw, 360px\" \/><\/figure><div class=\"wp-block-media-text__content\">\n<p style=\"font-size:14px\"><strong>Purple arrow&#8217;s Birdee fly by night<\/strong><br>R\u00fcde<br>Black, c\/w<br><\/p>\n<\/div><\/div>\n\n\n\n<h2 class=\"wp-block-heading\"><strong>Eltern vom B-Wurf<\/strong><\/h2>\n\n\n\n<figure class=\"wp-block-image size-large\"><img loading=\"lazy\" decoding=\"async\" width=\"1024\" height=\"683\" src=\"https:\/\/purplearrow.ch\/wp-content\/uploads\/2022\/01\/A-Wurf-Uschak-Mail-1-1024x683.jpg\" alt=\"\" class=\"wp-image-1654\" srcset=\"https:\/\/purplearrow.ch\/wp-content\/uploads\/2022\/01\/A-Wurf-Uschak-Mail-1-1024x683.jpg 1024w, https:\/\/purplearrow.ch\/wp-content\/uploads\/2022\/01\/A-Wurf-Uschak-Mail-1-300x200.jpg 300w, https:\/\/purplearrow.ch\/wp-content\/uploads\/2022\/01\/A-Wurf-Uschak-Mail-1-768x512.jpg 768w, https:\/\/purplearrow.ch\/wp-content\/uploads\/2022\/01\/A-Wurf-Uschak-Mail-1.jpg 1171w\" sizes=\"auto, (max-width: 706px) 89vw, (max-width: 767px) 82vw, 740px\" \/><\/figure>\n\n\n\n<div class=\"wp-block-columns is-layout-flex wp-container-core-columns-is-layout-9d6595d7 wp-block-columns-is-layout-flex\">\n<div class=\"wp-block-column is-layout-flow wp-block-column-is-layout-flow\">\n<p class=\"has-medium-font-size\"><strong><strong>Uschak Turbo v. Waldacker<\/strong><\/strong><\/p>\n\n\n\n<p style=\"font-size:14px\">26.5.1996 \u2013 27.1.2010<br>R c\/w, red factored<br>Vollst\u00e4ndiges Scherengebiss<br>Rute: lang<br>HD A\/A; ED 0\/0<br>Augen: frei<br>CEA N\/N; PRA N\/N<br>MDR1 +\/-<br>Agility 3<br>Obedience 1, <br><br><em>Ausstellungs-Erfolge<\/em><br>V1; IHA Basel, 14.2.1998<br>V1; IHA St. Gallen, 8.5.1999<br>V2; IHA Friedrichshafen, 8.4.2001<br>V2; IHA St.Gallen, 19.5.2001<br><br>Z\u00fcchter: Vreni Gasser, CH<\/p>\n<\/div>\n\n\n\n<div class=\"wp-block-column is-layout-flow wp-block-column-is-layout-flow\">\n<p class=\"has-medium-font-size\"><strong>Horseman&#8217;s Mail forever<\/strong><\/p>\n\n\n\n<p style=\"font-size:14px\">5.6.1999 \u2013 7.5.2014<br>B, c\/w, red factored <br>Vollst\u00e4ndiges Scherengebiss <br>Rute: lang<br>HD A\/A; ED 0\/0<br>Augen: frei<br>PRA N\/N; CEA N\/N<br>MDR1 +\/+<br>Agility 2<br>Obedience 1<br><br><em>Ausstellungs-Erfolge<\/em><br>V2; IHA Friedrichshafen, 8.4.2001<br>V2; IHA St.Gallen, 19.5.2001<br><br>Z\u00fcchter: Inge Hammer, D<\/p>\n<\/div>\n<\/div>\n","protected":false},"excerpt":{"rendered":"<p>Montag, 27. Oktober 2003 9 Welpen5 R\u00fcden, 4 H\u00fcndinnen Aus der Wurfkiste Purple arrow&#8217;s Bashira BahatiH\u00fcndin Red, c\/wMDR1 +\/-HD A\/A; ED 0\/0Agility 2 Purple arrow&#8217;s Baika BakaH\u00fcndin Black, c\/wHD A\/A; ED 0\/0 Purple arrow&#8217;s BaskoR\u00fcde Red, c\/wHD A\/A; ED 0\/0Agility 2 Purple arrow&#8217;s Beauty SiraH\u00fcndin Red, c\/wMDR1 +\/-HD B\/B; ED 0\/0Agility 2, Horse &amp; Dog &hellip; <\/p>\n<p class=\"link-more\"><a href=\"https:\/\/purplearrow.ch\/?page_id=1037\" class=\"more-link\"><span class=\"screen-reader-text\">\u201eB-Wurf &#8211; 27.10.2003\u201c<\/span> weiterlesen<\/a><\/p>\n","protected":false},"author":1,"featured_media":0,"parent":70,"menu_order":16,"comment_status":"closed","ping_status":"closed","template":"","meta":{"footnotes":""},"class_list":["post-1037","page","type-page","status-publish","hentry"],"_links":{"self":[{"href":"https:\/\/purplearrow.ch\/index.php?rest_route=\/wp\/v2\/pages\/1037","targetHints":{"allow":["GET"]}}],"collection":[{"href":"https:\/\/purplearrow.ch\/index.php?rest_route=\/wp\/v2\/pages"}],"about":[{"href":"https:\/\/purplearrow.ch\/index.php?rest_route=\/wp\/v2\/types\/page"}],"author":[{"embeddable":true,"href":"https:\/\/purplearrow.ch\/index.php?rest_route=\/wp\/v2\/users\/1"}],"replies":[{"embeddable":true,"href":"https:\/\/purplearrow.ch\/index.php?rest_route=%2Fwp%2Fv2%2Fcomments&post=1037"}],"version-history":[{"count":18,"href":"https:\/\/purplearrow.ch\/index.php?rest_route=\/wp\/v2\/pages\/1037\/revisions"}],"predecessor-version":[{"id":7385,"href":"https:\/\/purplearrow.ch\/index.php?rest_route=\/wp\/v2\/pages\/1037\/revisions\/7385"}],"up":[{"embeddable":true,"href":"https:\/\/purplearrow.ch\/index.php?rest_route=\/wp\/v2\/pages\/70"}],"wp:attachment":[{"href":"https:\/\/purplearrow.ch\/index.php?rest_route=%2Fwp%2Fv2%2Fmedia&parent=1037"}],"curies":[{"name":"wp","href":"https:\/\/api.w.org\/{rel}","templated":true}]}}